 47
List the prime factors of 660.
2, 3, 5, 11
List the prime factors of 4582.
2, 29, 79
What are the prime factors of 1375?
5, 11
List the prime factors of 1125.
3, 5
List the prime factors of 1213.
1213
List the prime factors of 129630.
2, 3, 5, 29, 149
What are the prime factors of 657?
3, 73
List the prime factors of 26175.
3, 5, 349
List the prime factors of 2609.
2609
What are the prime factors of 54245?
5, 19, 571
List the prime factors of 5925.
3, 5, 79
What are the prime factors of 72970?
2, 5, 7297
What are the prime factors of 8127?
3, 7, 43
List the prime factors of 610.
2, 5, 61
What are the prime factors of 1814?
2, 907
What are the prime factors of 8584?
2, 29, 37
What are the prime factors of 436?
2, 109
What are the prime factors of 289?
17
List the prime factors of 10778.
2, 17, 317
What are the prime factors of 67602?
2, 3, 19, 593
List the prime factors of 5993.
13, 461
List the prime factors of 20533.
20533
List the prime factors of 1157.
13, 89
List the prime factors of 33154.
2, 11, 137
What are the prime factors of 20437?
107, 191
What are the prime factors of 2117?
29, 73
List the prime factors of 4352.
2, 17
What are the prime factors of 14072?
2, 1759
What are the prime factors of 4874?
2, 2437
What are the prime factors of 20010?
2, 3, 5, 23, 29
What are the prime factors of 17359?
17359
List the prime factors of 5009.
5009
List the prime factors of 28799.
31, 929
What are the prime factors of 19581?
3, 61, 107
List the prime factors of 5982.
2, 3, 997
What are the prime factors of 3049?
3049
What are the prime factors of 6364?
2, 37, 43
List the prime factors of 110.
2, 5, 11
List the prime factors of 5022.
2, 3, 31
List the prime factors of 26119.
26119
What are the prime factors of 23926?
2, 7, 1709
What are the prime factors of 80136?
2, 3, 7, 53
What are the prime factors of 2018?
2, 1009
List the prime factors of 1087.
1087
List the prime factors of 3302.
2, 13, 127
What are the prime factors of 4710?
2, 3, 5, 157
List the prime factors of 6107.
31, 197
List the prime factors of 2013.
3, 11, 61
What are the prime factors of 1233?
3, 137
List the prime factors of 4234.
2, 29, 73
What are the prime factors of 16001?
16001
What are the prime factors of 99967?
7, 14281
List the prime factors of 2259.
3, 251
List the prime factors of 2522.
2, 13, 97
What are the prime factors of 1867?
1867
List the prime factors of 1221.
3, 11, 37
What are the prime factors of 16170?
2, 3, 5, 7, 11
What are the prime factors of 805?
5, 7, 23
List the prime factors of 5016.
2, 3, 11, 19
List the prime factors of 32628.
2, 3, 2719
What are the prime factors of 51615?
3, 5, 31, 37
List the prime factors of 1815.
3, 5, 11
What are the prime factors of 289?
17
List the prime factors of 114889.
114889
List the prime factors of 11003.
11003
List the prime factors of 1541.
23, 67
What are the prime factors of 26639?
17, 1567
List the prime factors of 1420.
2, 5, 71
What are the prime factors of 691?
691
What are the prime factors of 23397?
3, 11, 709
List the prime factors of 3495.
3, 5, 233
What are the prime factors of 6797?
7, 971
List the prime factors of 856.
2, 107
List the prime factors of 1375.
5, 11
List the prime factors of 99810.
2, 3, 5, 1109
List the prime factors of 1404.
2, 3, 13
List the prime factors of 54291.
3, 18097
What are the prime factors of 6396?
2, 3, 13, 41
What are the prime factors of 997?
997
List the prime factors of 10421.
17, 613
What are the prime factors of 225?
3, 5
List the prime factors of 1454.
2, 727
List the prime factors of 25893.
3, 7, 137
What are the prime factors of 25667?
25667
What are the prime factors of 17899?
7, 2557
What are the prime factors of 2995?
5, 599
What are the prime factors of 1036?
2, 7, 37
What are the prime factors of 26000?
2, 5, 13
List the prime factors of 39581.
39581
List the prime factors of 11204.
2, 2801
What are the prime factors of 44462?
2, 11, 43, 47
What are the prime factors of 4027?
4027
List the prime factors of 17311.
7, 2473
List the prime factors of 68794.
2, 11, 53, 59
What are the prime factors of 17364?
2, 3, 1447
What are the prime factors of 12224?
2, 191
What are the prime factors of 20699?
7, 2957
List the prime factors of 19326.
2, 3, 3221
List the prime factors of 56365.
5, 11273
List the prime factors of 925.
5, 37
What are the prime factors of 15917?
11, 1447
List the prime factors of 7086.
2, 3, 1181
List the prime factors of 4970.
2, 5, 7, 71
List the prime factors of 9359.
7, 191
List the prime factors of 70935.
3, 5, 4729
List the prime factors of 3138.
2, 3, 523
List the prime factors of 93340.
2, 5, 13, 359
What are the prime factors of 160985?
5, 11, 2927
List the prime factors of 79257.
3, 29, 911
What are the prime factors of 6051?
3, 2017
List the prime factors of 18828.
2, 3, 523
What are the prime factors of 1386?
2, 3, 7, 11
List the prime factors of 20550.
2, 3, 5, 137
List the prime factors of 946.
2, 11, 43
What are the prime factors of 4146?
2, 3, 691
List the prime factors of 157.
157
What are the prime factors of 5277?
3, 1759
What are the prime factors of 172?
2, 43
List the prime factors of 2602.
2, 1301
What are the prime factors of 1593?
3, 59
What are the prime factors of 1633?
23, 71
What are the prime factors of 1762?
2, 881
What are the prime factors of 13080?
2, 3, 5, 109
List the prime factors of 3558.
2, 3, 593
What are the prime factors of 1700?
2, 5, 17
List the prime factors of 1091.
1091
List the prime factors of 219.
3, 73
What are the prime factors of 7000?
2, 5, 7
What are the prime factors of 2791?
2791
List the prime factors of 28181.
28181
What are the prime factors of 81927?
3, 9103
What are the prime factors of 65754?
2, 3, 13, 281
List the prime factors of 47032.
2, 5879
What are the prime factors of 2038?
2, 1019
List the prime factors of 35726.
2, 17863
What are the prime factors of 4419?
3, 491
List the prime factors of 3468.
2, 3, 17
What are the prime factors of 60056?
2, 7507
List the prime factors of 207374.
2, 103687
What are the prime factors of 21017?
21017
List the prime factors of 5320.
2, 5, 7, 19
What are the prime factors of 57107?
57107
List the prime factors of 48982.
2, 19, 1289
What are the prime factors of 1740?
2, 3, 5, 29
List the prime factors of 573.
3, 191
List the prime factors of 26671.
149, 179
What are the prime factors of 125726?
2, 37, 1699
What are the prime factors of 395?
5, 79
List the prime factors of 3699.
3, 137
List the prime factors of 2732.
2, 683
List the prime factors of 1503.
3, 167
What are the prime factors of 49665?
3, 5, 7, 11, 43
List the prime factors of 7268.
2, 23, 79
What are the prime factors of 12286?
2, 6143
List the prime factors of 12504.
2, 3, 521
What are the prime factors of 161745?
3, 5, 41, 263
What are the prime factors of 26109?
3, 967
What are the prime factors of 9189?
3, 1021
What are the prime factors of 3919?
3919
List the prime factors of 75016.
2, 9377
What are the prime factors of 137813?
13, 10601
List the prime factors of 3527.
3527
List the prime factors of 17037.
3, 631
List the prime factors of 3885.
3, 5, 7, 37
List the prime factors of 15245.
5, 3049
What are the prime factors of 9785?
5, 19, 103
What are the prime factors of 6155?
5, 1231
What are the prime factors of 20531?
7, 419
List the prime factors of 3767.
3767
List the prime factors of 45869.
45869
List the prime factors of 426.
2, 3, 71
What are the prime factors of 654?
2, 3, 109
What are the prime factors of 55451?
11, 71
List the prime factors of 3666.
2, 3, 13, 47
What are the prime factors of 64756?
2, 16189
List the prime factors of 731.
17, 43
List the prime factors of 2313.
3, 257
List the prime factors of 68414.
2, 79, 433
List the prime factors of 4607.
17, 271
What are the prime factors of 26621?
7, 3803
List the prime factors of 20792.
2, 23, 113
List the prime factors of 385.
5, 7, 11
What are the prime factors of 1487?
1487
List the prime factors of 42155.
5, 8431
What are the prime factors of 68473?
68473
What are the prime factors of 853?
853
List the prime factors of 7576.
2, 947
List the prime factors of 1781.
13, 137
List the prime factors of 782.
2, 17, 23
What are the prime factors of 26416?
2, 13, 127
List the prime factors of 33341.
7, 